{"id":4292,"date":"2025-06-25T22:54:32","date_gmt":"2025-06-25T15:54:32","guid":{"rendered":"https:\/\/quahanquoc.com\/?post_type=product&#038;p=4292"},"modified":"2025-06-25T22:54:32","modified_gmt":"2025-06-25T15:54:32","slug":"cao-hong-sam-365-han-quoc-4-hu-x-240g","status":"publish","type":"product","link":"https:\/\/quahanquoc.com\/?product=cao-hong-sam-365-han-quoc-4-hu-x-240g","title":{"rendered":"Cao h\u1ed3ng s\u00e2m 365 H\u00e0n Qu\u1ed1c \u2013 4 h\u0169 x 240g"},"content":{"rendered":"<h2 id=\"section1\"><strong>M\u00f4 t\u1ea3 s\u1ea3n ph\u1ea9m<\/strong><\/h2>\n<p>Cao h\u1ed3ng s\u00e2m 365 H\u00e0n Qu\u1ed1c mang ngh\u0129a t\u01b0\u1ee3ng tr\u01b0ng cho 365 ng\u00e0y trong m\u1ed9t n\u0103m kh\u1ecfe m\u1ea1nh. S\u1ea3n ph\u1ea9m c\u00f3 h\u01b0\u01a1ng v\u1ecb \u0111\u1eadm \u0111\u00e0 \u0111\u1eb7c tr\u01b0ng c\u1ee7a h\u1ed3ng s\u00e2m, gi\u00fap h\u00f4\u0300i ph\u1ee5c s\u1ee9c kh\u1ecfe nhanh ch\u00f3ng, \u0111\u01b0\u1ee3c s\u1eed d\u1ee5ng v\u1edbi m\u1ecdi l\u1ee9a tu\u00f4\u0309i v\u00e0 r\u00e2\u0301t thu\u1eadn ti\u1ec7n ch\u0103m s\u00f3c s\u1ee9c kh\u1ecfe c\u1ea3 gia \u0111\u00ecnh.<\/p>\n<ul>\n<li>Xu\u1ea5t x\u1ee9: H\u00e0n Qu\u1ed1c<\/li>\n<li>H\u1ea1n s\u1eed d\u1ee5ng: 36 th\u00e1ng k\u1ec3 t\u1eeb ng\u00e0y s\u1ea3n xu\u1ea5t<\/li>\n<li>Quy c\u00e1ch \u0111\u00f3ng g\u00f3i: H\u1ed9p 4 h\u0169 x 240g<\/li>\n<\/ul>\n<h2 id=\"section2\"><strong>Th\u00e0nh ph\u1ea7n<\/strong><\/h2>\n<p>Chi\u1ebft xu\u1ea5t h\u1ed3ng s\u00e2m 6 n\u0103m tu\u1ed5i H\u00e0n Qu\u1ed1c (trong \u0111\u00f3 th\u00e0nh ph\u1ea7n r\u1eafn chi\u1ebfm 60%, h\u00e0m l\u01b0\u1ee3ng saponin l\u00e0 70mg\/g) 9.4%, n\u1ea5m linh chi (60% th\u00e0nh ph\u1ea7n r\u1eafn)19%, ng\u1ea3i c\u1ee9u, syro ho\u1eb7c \u0111\u01b0\u1eddng hoa qu\u1ea3, \u0111\u01b0\u1eddng m\u1ea1ch nha c\u00f9ng ph\u1ee5 gia kh\u00e1c.<\/p>\n<div id=\"attachment_4286\" style=\"width: 810px\" class=\"wp-caption alignnone\"><img fetchpriority=\"high\" decoding=\"async\" aria-describedby=\"caption-attachment-4286\" class=\"wp-image-4286 size-full\" src=\"https:\/\/quahanquoc.com\/wp-content\/uploads\/2025\/06\/cao-hong-sam-365-han-quoc-1-anh-bai-dang.jpg\" alt=\"\" width=\"800\" height=\"538\" srcset=\"https:\/\/quahanquoc.com\/wp-content\/uploads\/2025\/06\/cao-hong-sam-365-han-quoc-1-anh-bai-dang.jpg 800w, https:\/\/quahanquoc.com\/wp-content\/uploads\/2025\/06\/cao-hong-sam-365-han-quoc-1-anh-bai-dang-300x202.jpg 300w, https:\/\/quahanquoc.com\/wp-content\/uploads\/2025\/06\/cao-hong-sam-365-han-quoc-1-anh-bai-dang-768x516.jpg 768w, https:\/\/quahanquoc.com\/wp-content\/uploads\/2025\/06\/cao-hong-sam-365-han-quoc-1-anh-bai-dang-600x404.jpg 600w, https:\/\/quahanquoc.com\/wp-content\/uploads\/2025\/06\/cao-hong-sam-365-han-quoc-1-anh-bai-dang-80x54.jpg 80w\" sizes=\"(max-width: 800px) 100vw, 800px\" \/><p id=\"caption-attachment-4286\" class=\"wp-caption-text\">Cao S\u00e2m 365 l\u00e0 m\u1ed9t s\u1ea3n ph\u1ea9m cao c\u1ea5p \u0111\u1ebfn t\u1eeb H\u00e0n Qu\u1ed1c<\/p><\/div>\n<h2 id=\"section3\"><strong>C\u00f4ng d\u1ee5ng<\/strong><\/h2>\n<ul>\n<li>H\u1ed7 tr\u1ee3 t\u0103ng c\u01b0\u1eddng h\u1ec7 mi\u1ec5n d\u1ecbch, b\u1ed3i b\u1ed5 to\u00e0n di\u1ec7n c\u01a1 th\u1ec3<\/li>\n<li>H\u1ed7 tr\u1ee3 gi\u1ea3m c\u0103ng th\u1eb3ng, m\u1ec7t m\u1ecfi k\u00e9o d\u00e0i, gi\u00fap \u0111\u1ea7u \u00f3c minh m\u1eabn.<\/li>\n<li>H\u1ed7 tr\u1ee3 c\u1ea3i thi\u1ec7n ch\u1ee9c n\u0103ng tim m\u1ea1ch, l\u01b0u th\u00f4ng m\u00e1u t\u1ed1t h\u01a1n.<\/li>\n<li>H\u1ed7 tr\u1ee3 t\u0103ng c\u01b0\u1eddng s\u1ee9c kh\u1ecfe sinh l\u00fd nam v\u00e0 c\u1ea3i thi\u1ec7n n\u1ed9i ti\u1ebft t\u1ed1 n\u1eef.<\/li>\n<\/ul>\n<h2 id=\"section4\"><strong>H\u01b0\u1edbng d\u1eabn s\u1eed d\u1ee5ng<\/strong><\/h2>\n<ul>\n<li>D\u00f9ng 1 &#8211; 2 l\u1ea7n\/ng\u00e0y. M\u1ed7i l\u1ea7n 2 th\u00eca cafe cao h\u1ed3ng s\u00e2m pha v\u1edbi 40ml &#8211; 60ml n\u01b0\u1edbc \u1ea5m khu\u1ea5y \u0111\u1ec1u v\u00e0 s\u1eed d\u1ee5ng.<\/li>\n<li>Th\u1eddi gian s\u1eed d\u1ee5ng t\u1ed1t nh\u1ea5t l\u00e0 v\u00e0o bu\u1ed5i s\u00e1ng v\u00e0 tr\u01b0a sau \u0103n.<\/li>\n<\/ul>\n<h2 id=\"section5\"><strong>L\u01b0u \u00fd<\/strong><\/h2>\n<ul>\n<li>Kh\u00f4ng n\u00ean s\u1eed d\u1ee5ng cao s\u00e2m v\u00e0o bu\u1ed5i t\u1ed1i sau 18:00 tr\u00e1nh m\u1ea5t ng\u1ee7.<\/li>\n<li>\u0110\u1ed1i v\u1edbi ng\u01b0\u1eddi c\u01a1 th\u1ec3 d\u1ec5 b\u1ecb d\u1ecb \u1ee9ng v\u1edbi c\u00e1c th\u00e0nh ph\u1ea7n c\u1ee7a s\u1ea3n ph\u1ea9m th\u00ec n\u00ean tham kh\u1ea3o \u00fd ki\u1ebfn b\u00e1c s\u0129 tr\u01b0\u1edbc khi s\u1eed d\u1ee5ng.<\/li>\n<li>Tr\u01b0\u1eddng h\u1ee3p b\u1ecb s\u1ed1t cao, nhi\u1ec5m tr\u00f9ng, \u0111ang l\u00ean c\u01a1n suy\u1ec5n ho\u1eb7c ch\u1ea3y m\u00e1u cam, \u0111au b\u1ee5ng ti\u00eau ch\u1ea3y\u2026 kh\u00f4ng n\u00ean d\u00f9ng.<\/li>\n<li>Ch\u1ed1ng ch\u1ec9 \u0111\u1ecbnh cho ph\u1ee5 n\u1eef c\u00f3 thai v\u00e0 \u0111ang cho con b\u00fa.<\/li>\n<li>B\u1ea3o qu\u1ea3n c\u1ea9n th\u1eadn \u1edf n\u01a1i kh\u00f4 r\u00e1o tr\u00e1nh xa \u00e1nh n\u1eafng m\u1eb7t tr\u1eddi.<\/li>\n<li><strong>S\u1ea3n ph\u1ea9m kh\u00f4ng ph\u1ea3i l\u00e0 thu\u1ed1c v\u00e0 kh\u00f4ng c\u00f3 t\u00e1c d\u1ee5ng thay th\u1ebf thu\u1ed1c ch\u1eefa b\u1ec7nh.<\/strong><\/li>\n<\/ul>\n","protected":false},"excerpt":{"rendered":"<p>M\u00f4 t\u1ea3 s\u1ea3n ph\u1ea9m Cao h\u1ed3ng s\u00e2m 365 H\u00e0n Qu\u1ed1c mang ngh\u0129a t\u01b0\u1ee3ng tr\u01b0ng cho 365 ng\u00e0y trong m\u1ed9t n\u0103m kh\u1ecfe m\u1ea1nh. S\u1ea3n ph\u1ea9m c\u00f3 h\u01b0\u01a1ng v\u1ecb \u0111\u1eadm \u0111\u00e0 \u0111\u1eb7c tr\u01b0ng c\u1ee7a h\u1ed3ng s\u00e2m, gi\u00fap h\u00f4\u0300i ph\u1ee5c s\u1ee9c kh\u1ecfe nhanh ch\u00f3ng, \u0111\u01b0\u1ee3c s\u1eed d\u1ee5ng v\u1edbi m\u1ecdi l\u1ee9a tu\u00f4\u0309i v\u00e0 r\u00e2\u0301t thu\u1eadn ti\u1ec7n ch\u0103m s\u00f3c s\u1ee9c<\/p>\n<div class=\"klb-readmore button\"><a class=\"btn link\" href=\"https:\/\/quahanquoc.com\/?product=cao-hong-sam-365-han-quoc-4-hu-x-240g\">Read More <i class=\"klbth-icon-right-arrow\"><\/i><\/a><\/div>\n","protected":false},"featured_media":4288,"comment_status":"closed","ping_status":"closed","template":"","meta":[],"product_brand":[],"product_cat":[15],"product_tag":[],"class_list":{"0":"post-4292","1":"product","2":"type-product","3":"status-publish","4":"has-post-thumbnail","6":"product_cat-uncategorized","8":"first","9":"instock","10":"sale","11":"shipping-taxable","12":"purchasable","13":"product-type-simple"},"_links":{"self":[{"href":"https:\/\/quahanquoc.com\/index.php?rest_route=\/wp\/v2\/product\/4292","targetHints":{"allow":["GET"]}}],"collection":[{"href":"https:\/\/quahanquoc.com\/index.php?rest_route=\/wp\/v2\/product"}],"about":[{"href":"https:\/\/quahanquoc.com\/index.php?rest_route=\/wp\/v2\/types\/product"}],"replies":[{"embeddable":true,"href":"https:\/\/quahanquoc.com\/index.php?rest_route=%2Fwp%2Fv2%2Fcomments&post=4292"}],"wp:featuredmedia":[{"embeddable":true,"href":"https:\/\/quahanquoc.com\/index.php?rest_route=\/wp\/v2\/media\/4288"}],"wp:attachment":[{"href":"https:\/\/quahanquoc.com\/index.php?rest_route=%2Fwp%2Fv2%2Fmedia&parent=4292"}],"wp:term":[{"taxonomy":"product_brand","embeddable":true,"href":"https:\/\/quahanquoc.com\/index.php?rest_route=%2Fwp%2Fv2%2Fproduct_brand&post=4292"},{"taxonomy":"product_cat","embeddable":true,"href":"https:\/\/quahanquoc.com\/index.php?rest_route=%2Fwp%2Fv2%2Fproduct_cat&post=4292"},{"taxonomy":"product_tag","embeddable":true,"href":"https:\/\/quahanquoc.com\/index.php?rest_route=%2Fwp%2Fv2%2Fproduct_tag&post=4292"}],"curies":[{"name":"wp","href":"https:\/\/api.w.org\/{rel}","templated":true}]}}